{"id":36,"date":"2021-12-13T11:17:45","date_gmt":"2021-12-13T11:17:45","guid":{"rendered":"https:\/\/kadence.pixel-show.com\/wooden-craft\/?page_id=36"},"modified":"2024-02-20T21:17:35","modified_gmt":"2024-02-20T21:17:35","slug":"blog","status":"publish","type":"page","link":"https:\/\/metricog.com\/?page_id=36","title":{"rendered":"Blog"},"content":{"rendered":"\t\t<div data-elementor-type=\"wp-page\" data-elementor-id=\"36\" class=\"elementor elementor-36\">\n\t\t\t\t\t\t<section class=\"elementor-section elementor-top-section elementor-element elementor-element-6136e45 elementor-section-boxed elementor-section-height-default elementor-section-height-default exad-glass-effect-no exad-sticky-section-no\" data-id=\"6136e45\" data-element_type=\"section\" data-settings=\"{&quot;_ha_eqh_enable&quot;:false}\">\n\t\t\t\t\t\t<div class=\"elementor-container elementor-column-gap-default\">\n\t\t\t\t\t<div class=\"elementor-column elementor-col-100 elementor-top-column elementor-element elementor-element-7758e66 exad-glass-effect-no exad-sticky-section-no\" data-id=\"7758e66\" data-element_type=\"column\">\n\t\t\t<div class=\"elementor-widget-wrap\">\n\t\t\t\t\t\t\t<\/div>\n\t\t<\/div>\n\t\t\t\t\t<\/div>\n\t\t<\/section>\n\t\t\t\t<section class=\"elementor-section elementor-top-section elementor-element elementor-element-f3fc062 elementor-section-full_width elementor-section-height-min-height elementor-section-content-middle elementor-section-height-default elementor-section-items-middle exad-glass-effect-no exad-sticky-section-no\" data-id=\"f3fc062\" data-element_type=\"section\" data-settings=\"{&quot;background_background&quot;:&quot;classic&quot;,&quot;_ha_eqh_enable&quot;:false}\">\n\t\t\t\t\t\t\t<div class=\"elementor-background-overlay\"><\/div>\n\t\t\t\t\t\t\t<div class=\"elementor-container elementor-column-gap-no\">\n\t\t\t\t\t<div class=\"elementor-column elementor-col-100 elementor-top-column elementor-element elementor-element-8619281 exad-glass-effect-no exad-sticky-section-no\" data-id=\"8619281\" data-element_type=\"column\" data-settings=\"{&quot;background_background&quot;:&quot;slideshow&quot;,&quot;background_slideshow_gallery&quot;:[],&quot;background_slideshow_loop&quot;:&quot;yes&quot;,&quot;background_slideshow_slide_duration&quot;:5000,&quot;background_slideshow_slide_transition&quot;:&quot;fade&quot;,&quot;background_slideshow_transition_duration&quot;:500}\">\n\t\t\t<div class=\"elementor-widget-wrap elementor-element-populated\">\n\t\t\t\t\t\t<div class=\"elementor-element elementor-element-513de23 exad-sticky-section-no exad-glass-effect-no elementor-widget elementor-widget-heading\" data-id=\"513de23\" data-element_type=\"widget\" data-widget_type=\"heading.default\">\n\t\t\t\t<div class=\"elementor-widget-container\">\n\t\t\t<h2 class=\"elementor-heading-title elementor-size-xxl\">Blog<\/h2>\t\t<\/div>\n\t\t\t\t<\/div>\n\t\t\t\t\t<\/div>\n\t\t<\/div>\n\t\t\t\t\t<\/div>\n\t\t<\/section>\n\t\t\t\t<section class=\"elementor-section elementor-top-section elementor-element elementor-element-2bce5a8 elementor-section-boxed elementor-section-height-default elementor-section-height-default exad-glass-effect-no exad-sticky-section-no\" data-id=\"2bce5a8\" data-element_type=\"section\" data-settings=\"{&quot;_ha_eqh_enable&quot;:false}\">\n\t\t\t\t\t\t<div class=\"elementor-container elementor-column-gap-default\">\n\t\t\t\t\t<div class=\"elementor-column elementor-col-100 elementor-top-column elementor-element elementor-element-4444e74 exad-glass-effect-no exad-sticky-section-no\" data-id=\"4444e74\" data-element_type=\"column\">\n\t\t\t<div class=\"elementor-widget-wrap elementor-element-populated\">\n\t\t\t\t\t\t<div class=\"elementor-element elementor-element-ca8acda exad-sticky-section-no exad-glass-effect-no elementor-widget elementor-widget-spacer\" data-id=\"ca8acda\" data-element_type=\"widget\" data-widget_type=\"spacer.default\">\n\t\t\t\t<div class=\"elementor-widget-container\">\n\t\t\t\t\t<div class=\"elementor-spacer\">\n\t\t\t<div class=\"elementor-spacer-inner\"><\/div>\n\t\t<\/div>\n\t\t\t\t<\/div>\n\t\t\t\t<\/div>\n\t\t\t\t\t<\/div>\n\t\t<\/div>\n\t\t\t\t\t<\/div>\n\t\t<\/section>\n\t\t\t\t<section class=\"elementor-section elementor-top-section elementor-element elementor-element-b609992 elementor-section-boxed elementor-section-height-default elementor-section-height-default exad-glass-effect-no exad-sticky-section-no\" data-id=\"b609992\" data-element_type=\"section\" data-settings=\"{&quot;_ha_eqh_enable&quot;:false}\">\n\t\t\t\t\t\t<div class=\"elementor-container elementor-column-gap-default\">\n\t\t\t\t\t<div class=\"elementor-column elementor-col-50 elementor-top-column elementor-element elementor-element-c2675cc exad-glass-effect-no exad-sticky-section-no elementor-invisible\" data-id=\"c2675cc\" data-element_type=\"column\" data-settings=\"{&quot;animation&quot;:&quot;slideInLeft&quot;,&quot;animation_tablet&quot;:&quot;zoomIn&quot;,&quot;background_background&quot;:&quot;classic&quot;}\">\n\t\t\t<div class=\"elementor-widget-wrap elementor-element-populated\">\n\t\t\t\t\t\t<div class=\"elementor-element elementor-element-953a2dc content-align-cta-center exad-sticky-section-no exad-glass-effect-no ha-has-bg-overlay elementor-widget elementor-widget-eael-cta-box\" data-id=\"953a2dc\" data-element_type=\"widget\" data-widget_type=\"eael-cta-box.default\">\n\t\t\t\t<div class=\"elementor-widget-container\">\n\t\t\t\t\t<div class=\"eael-call-to-action cta-basic bg-lite cta-preset-1\">\n        <h1 class=\"title\">Entendiendo la Conexi\u00f3n: C\u00f3mo People Analytics se Deriva de la Ciencia de Datos<\/h1><p><span class=\"NormalTextRun SCXW117835778 BCX0\">En el mundo empresarial actual, tanto la ciencia de datos como People\u00a0<\/span><span class=\"NormalTextRun SpellingErrorV2Themed SCXW117835778 BCX0\">Analytics<\/span><span class=\"NormalTextRun SCXW117835778 BCX0\">\u00a0juegan roles cruciales.<\/span><\/p><a href=\"https:\/\/metricog.com\/?p=2230\" class=\"cta-button  \">Leer m\u00e1s<\/a>\t<\/div>\n\t\t\t\t\t\t<\/div>\n\t\t\t\t<\/div>\n\t\t\t\t\t<\/div>\n\t\t<\/div>\n\t\t\t\t<div class=\"elementor-column elementor-col-50 elementor-top-column elementor-element elementor-element-bc01ebd exad-glass-effect-no exad-sticky-section-no elementor-invisible\" data-id=\"bc01ebd\" data-element_type=\"column\" data-settings=\"{&quot;animation&quot;:&quot;fadeInRight&quot;,&quot;animation_tablet&quot;:&quot;zoomIn&quot;}\">\n\t\t\t<div class=\"elementor-widget-wrap elementor-element-populated\">\n\t\t\t\t\t\t<div class=\"elementor-element elementor-element-a739e51 content-align-cta-center exad-sticky-section-no exad-glass-effect-no ha-has-bg-overlay elementor-widget elementor-widget-eael-cta-box\" data-id=\"a739e51\" data-element_type=\"widget\" data-widget_type=\"eael-cta-box.default\">\n\t\t\t\t<div class=\"elementor-widget-container\">\n\t\t\t\t\t<div class=\"eael-call-to-action cta-basic bg-lite cta-preset-1\">\n        <h1 class=\"title\">Las 3 Competencias Clave de un Cient\u00edfico de Datos en People Analytics<\/h1><p><span class=\"NormalTextRun SCXW137018988 BCX0\">En el entrecruzado mundo del an\u00e1lisis de datos y la gesti\u00f3n de recursos humanos, emerge una figura clave: el Cient\u00edfico de Datos en People\u00a0<\/span><span class=\"NormalTextRun SpellingErrorV2Themed SCXW137018988 BCX0\">Analytics<\/span><span class=\"NormalTextRun SCXW137018988 BCX0\">.\u00a0<\/span><\/p><a href=\"https:\/\/metricog.com\/?p=2193\" class=\"cta-button  \">Leer m\u00e1s<\/a>\t<\/div>\n\t\t\t\t\t\t<\/div>\n\t\t\t\t<\/div>\n\t\t\t\t\t<\/div>\n\t\t<\/div>\n\t\t\t\t\t<\/div>\n\t\t<\/section>\n\t\t\t\t<section class=\"elementor-section elementor-top-section elementor-element elementor-element-e40924e elementor-section-boxed elementor-section-height-default elementor-section-height-default exad-glass-effect-no exad-sticky-section-no\" data-id=\"e40924e\" data-element_type=\"section\" data-settings=\"{&quot;_ha_eqh_enable&quot;:false}\">\n\t\t\t\t\t\t<div class=\"elementor-container elementor-column-gap-default\">\n\t\t\t\t\t<div class=\"elementor-column elementor-col-100 elementor-top-column elementor-element elementor-element-0c77e76 exad-glass-effect-no exad-sticky-section-no\" data-id=\"0c77e76\" data-element_type=\"column\">\n\t\t\t<div class=\"elementor-widget-wrap elementor-element-populated\">\n\t\t\t\t\t\t<div class=\"elementor-element elementor-element-a19d5a9 exad-sticky-section-no exad-glass-effect-no elementor-widget elementor-widget-spacer\" data-id=\"a19d5a9\" data-element_type=\"widget\" data-widget_type=\"spacer.default\">\n\t\t\t\t<div class=\"elementor-widget-container\">\n\t\t\t\t\t<div class=\"elementor-spacer\">\n\t\t\t<div class=\"elementor-spacer-inner\"><\/div>\n\t\t<\/div>\n\t\t\t\t<\/div>\n\t\t\t\t<\/div>\n\t\t\t\t\t<\/div>\n\t\t<\/div>\n\t\t\t\t\t<\/div>\n\t\t<\/section>\n\t\t\t\t<section class=\"elementor-section elementor-top-section elementor-element elementor-element-48f3fd1 elementor-section-boxed elementor-section-height-default elementor-section-height-default exad-glass-effect-no exad-sticky-section-no\" data-id=\"48f3fd1\" data-element_type=\"section\" data-settings=\"{&quot;animation_tablet&quot;:&quot;zoomIn&quot;,&quot;_ha_eqh_enable&quot;:false}\">\n\t\t\t\t\t\t<div class=\"elementor-container elementor-column-gap-default\">\n\t\t\t\t\t<div class=\"elementor-column elementor-col-50 elementor-top-column elementor-element elementor-element-d2ae33f exad-glass-effect-no exad-sticky-section-no elementor-invisible\" data-id=\"d2ae33f\" data-element_type=\"column\" data-settings=\"{&quot;animation&quot;:&quot;slideInLeft&quot;,&quot;animation_tablet&quot;:&quot;zoomIn&quot;}\">\n\t\t\t<div class=\"elementor-widget-wrap elementor-element-populated\">\n\t\t\t\t\t\t<div class=\"elementor-element elementor-element-861506c content-align-cta-center exad-sticky-section-no exad-glass-effect-no ha-has-bg-overlay elementor-widget elementor-widget-eael-cta-box\" data-id=\"861506c\" data-element_type=\"widget\" data-widget_type=\"eael-cta-box.default\">\n\t\t\t\t<div class=\"elementor-widget-container\">\n\t\t\t\t\t<div class=\"eael-call-to-action cta-basic bg-lite cta-preset-1\">\n        <h1 class=\"title\">\u00bfC\u00f3mo orientar una organizaci\u00f3n hacia People Analytics?<\/h1><p><span class=\"NormalTextRun SCXW25572373 BCX0\">People\u00a0<\/span><span class=\"NormalTextRun SpellingErrorV2Themed SCXW25572373 BCX0\">Analytics<\/span><span class=\"NormalTextRun SCXW25572373 BCX0\"> es una herramienta clave para mejorar la gesti\u00f3n del talento y la eficiencia en las organizaciones.<\/span><\/p><a href=\"https:\/\/metricog.com\/?p=1677\" class=\"cta-button  \">Leer m\u00e1s<\/a>\t<\/div>\n\t\t\t\t\t\t<\/div>\n\t\t\t\t<\/div>\n\t\t\t\t\t<\/div>\n\t\t<\/div>\n\t\t\t\t<div class=\"elementor-column elementor-col-50 elementor-top-column elementor-element elementor-element-97aa9ce exad-glass-effect-no exad-sticky-section-no elementor-invisible\" data-id=\"97aa9ce\" data-element_type=\"column\" data-settings=\"{&quot;animation&quot;:&quot;slideInRight&quot;,&quot;animation_tablet&quot;:&quot;zoomIn&quot;}\">\n\t\t\t<div class=\"elementor-widget-wrap elementor-element-populated\">\n\t\t\t\t\t\t<div class=\"elementor-element elementor-element-86ac043 content-align-cta-center exad-sticky-section-no exad-glass-effect-no ha-has-bg-overlay elementor-widget elementor-widget-eael-cta-box\" data-id=\"86ac043\" data-element_type=\"widget\" data-widget_type=\"eael-cta-box.default\">\n\t\t\t\t<div class=\"elementor-widget-container\">\n\t\t\t\t\t<div class=\"eael-call-to-action cta-basic bg-lite cta-preset-1\">\n        <h1 class=\"title\">\u00bfC\u00f3mo la ciencia de datos est\u00e1 revolucionando el mundo empresarial?<\/h1><p><span class=\"TextRun SCXW116514705 BCX0\"><span class=\"NormalTextRun SCXW116514705 BCX0\">La ciencia de datos se ha convertido en un factor clave para el \u00e9xito empresarial en la actualidad.<\/span><\/span><\/p><a href=\"https:\/\/metricog.com\/?p=1767\" class=\"cta-button  \">Leer m\u00e1s<\/a>\t<\/div>\n\t\t\t\t\t\t<\/div>\n\t\t\t\t<\/div>\n\t\t\t\t\t<\/div>\n\t\t<\/div>\n\t\t\t\t\t<\/div>\n\t\t<\/section>\n\t\t\t\t<section class=\"elementor-section elementor-top-section elementor-element elementor-element-a90cf12 elementor-section-boxed elementor-section-height-default elementor-section-height-default exad-glass-effect-no exad-sticky-section-no\" data-id=\"a90cf12\" data-element_type=\"section\" data-settings=\"{&quot;_ha_eqh_enable&quot;:false}\">\n\t\t\t\t\t\t<div class=\"elementor-container elementor-column-gap-default\">\n\t\t\t\t\t<div class=\"elementor-column elementor-col-100 elementor-top-column elementor-element elementor-element-3fcf4a5 exad-glass-effect-no exad-sticky-section-no\" data-id=\"3fcf4a5\" data-element_type=\"column\">\n\t\t\t<div class=\"elementor-widget-wrap elementor-element-populated\">\n\t\t\t\t\t\t<div class=\"elementor-element elementor-element-d44d768 exad-sticky-section-no exad-glass-effect-no elementor-widget elementor-widget-spacer\" data-id=\"d44d768\" data-element_type=\"widget\" data-widget_type=\"spacer.default\">\n\t\t\t\t<div class=\"elementor-widget-container\">\n\t\t\t\t\t<div class=\"elementor-spacer\">\n\t\t\t<div class=\"elementor-spacer-inner\"><\/div>\n\t\t<\/div>\n\t\t\t\t<\/div>\n\t\t\t\t<\/div>\n\t\t\t\t\t<\/div>\n\t\t<\/div>\n\t\t\t\t\t<\/div>\n\t\t<\/section>\n\t\t\t\t<section class=\"elementor-section elementor-top-section elementor-element elementor-element-4357ded elementor-section-boxed elementor-section-height-default elementor-section-height-default exad-glass-effect-no exad-sticky-section-no\" data-id=\"4357ded\" data-element_type=\"section\" data-settings=\"{&quot;_ha_eqh_enable&quot;:false}\">\n\t\t\t\t\t\t<div class=\"elementor-container elementor-column-gap-default\">\n\t\t\t\t\t<div class=\"elementor-column elementor-col-100 elementor-top-column elementor-element elementor-element-20bc0df exad-glass-effect-no exad-sticky-section-no\" data-id=\"20bc0df\" data-element_type=\"column\">\n\t\t\t<div class=\"elementor-widget-wrap elementor-element-populated\">\n\t\t\t\t\t\t<div class=\"elementor-element elementor-element-4f0b565 exad-sticky-section-no exad-glass-effect-no elementor-widget elementor-widget-spacer\" data-id=\"4f0b565\" data-element_type=\"widget\" data-widget_type=\"spacer.default\">\n\t\t\t\t<div class=\"elementor-widget-container\">\n\t\t\t\t\t<div class=\"elementor-spacer\">\n\t\t\t<div class=\"elementor-spacer-inner\"><\/div>\n\t\t<\/div>\n\t\t\t\t<\/div>\n\t\t\t\t<\/div>\n\t\t\t\t\t<\/div>\n\t\t<\/div>\n\t\t\t\t\t<\/div>\n\t\t<\/section>\n\t\t\t\t<section class=\"elementor-section elementor-top-section elementor-element elementor-element-18761da elementor-section-boxed elementor-section-height-default elementor-section-height-default exad-glass-effect-no exad-sticky-section-no\" data-id=\"18761da\" data-element_type=\"section\" data-settings=\"{&quot;_ha_eqh_enable&quot;:false}\">\n\t\t\t\t\t\t<div class=\"elementor-container elementor-column-gap-default\">\n\t\t\t\t\t<div class=\"elementor-column elementor-col-50 elementor-top-column elementor-element elementor-element-dab27c6 exad-glass-effect-no exad-sticky-section-no elementor-invisible\" data-id=\"dab27c6\" data-element_type=\"column\" data-settings=\"{&quot;animation&quot;:&quot;slideInLeft&quot;,&quot;animation_tablet&quot;:&quot;zoomIn&quot;}\">\n\t\t\t<div class=\"elementor-widget-wrap elementor-element-populated\">\n\t\t\t\t\t\t<div class=\"elementor-element elementor-element-007088d content-align-cta-center exad-sticky-section-no exad-glass-effect-no ha-has-bg-overlay elementor-widget elementor-widget-eael-cta-box\" data-id=\"007088d\" data-element_type=\"widget\" data-widget_type=\"eael-cta-box.default\">\n\t\t\t\t<div class=\"elementor-widget-container\">\n\t\t\t\t\t<div class=\"eael-call-to-action cta-basic bg-lite cta-preset-1\">\n        <h1 class=\"title\">\u00bfC\u00f3mo el chatbot de lenguaje natural GPT puede mejorar la experiencia del usuario?<\/h1><p><span class=\"NormalTextRun SCXW2940876 BCX0\">La tecnolog\u00eda de <\/span><span class=\"NormalTextRun SpellingErrorV2Themed SCXW2940876 BCX0\">chatbot<\/span><span class=\"NormalTextRun SCXW2940876 BCX0\"> ha evolucionado significativamente en los \u00faltimos a\u00f1os y los <\/span><span class=\"NormalTextRun SpellingErrorV2Themed SCXW2940876 BCX0\">chatbots<\/span><span class=\"NormalTextRun SCXW2940876 BCX0\"> de lenguaje natural como GPT<\/span><\/p><a href=\"https:\/\/metricog.com\/?p=1779\" class=\"cta-button  \">Leer m\u00e1s<\/a>\t<\/div>\n\t\t\t\t\t\t<\/div>\n\t\t\t\t<\/div>\n\t\t\t\t\t<\/div>\n\t\t<\/div>\n\t\t\t\t<div class=\"elementor-column elementor-col-50 elementor-top-column elementor-element elementor-element-c8180f5 exad-glass-effect-no exad-sticky-section-no elementor-invisible\" data-id=\"c8180f5\" data-element_type=\"column\" data-settings=\"{&quot;animation&quot;:&quot;fadeInRight&quot;,&quot;animation_tablet&quot;:&quot;zoomIn&quot;}\">\n\t\t\t<div class=\"elementor-widget-wrap elementor-element-populated\">\n\t\t\t\t\t\t<div class=\"elementor-element elementor-element-db5dbb9 content-align-cta-center exad-sticky-section-no exad-glass-effect-no ha-has-bg-overlay elementor-widget elementor-widget-eael-cta-box\" data-id=\"db5dbb9\" data-element_type=\"widget\" data-widget_type=\"eael-cta-box.default\">\n\t\t\t\t<div class=\"elementor-widget-container\">\n\t\t\t\t\t<div class=\"eael-call-to-action cta-basic bg-lite cta-preset-1\">\n        <h1 class=\"title\">\u00bfPor qu\u00e9 el c\u00f3digo bajo es una soluci\u00f3n popular para el desarrollo de aplicaciones?  <\/h1><p><span class=\"TextRun SCXW191738891 BCX0\"><span class=\"NormalTextRun SCXW191738891 BCX0\">En la industria del desarrollo de software, el c\u00f3digo bajo ha surgido como una soluci\u00f3n popular para crear aplicaciones sin requerir de una programaci\u00f3n exhaustiva.\u00a0<\/span><\/span><\/p><a href=\"https:\/\/metricog.com\/?p=1787\" class=\"cta-button  \">Leer m\u00e1s<\/a>\t<\/div>\n\t\t\t\t\t\t<\/div>\n\t\t\t\t<\/div>\n\t\t\t\t\t<\/div>\n\t\t<\/div>\n\t\t\t\t\t<\/div>\n\t\t<\/section>\n\t\t\t\t<\/div>\n\t\t","protected":false},"excerpt":{"rendered":"<p>Blog Entendiendo la Conexi\u00f3n: C\u00f3mo People Analytics se Deriva de la Ciencia de Datos En el mundo empresarial actual, tanto la ciencia de datos como People\u00a0Analytics\u00a0juegan roles cruciales. Leer m\u00e1s Las 3 Competencias Clave de un Cient\u00edfico de Datos en People Analytics En el entrecruzado mundo del an\u00e1lisis de datos y la gesti\u00f3n de recursos&#8230;<\/p>\n","protected":false},"author":1,"featured_media":0,"parent":0,"menu_order":0,"comment_status":"closed","ping_status":"closed","template":"","meta":{"_eb_attr":"","_kadence_starter_templates_imported_post":true,"_kad_post_transparent":"","_kad_post_title":"hide","_kad_post_layout":"fullwidth","_kad_post_sidebar_id":"","_kad_post_content_style":"unboxed","_kad_post_vertical_padding":"hide","_kad_post_feature":"hide","_kad_post_feature_position":"","_kad_post_header":false,"_kad_post_footer":false,"footnotes":""},"class_list":["post-36","page","type-page","status-publish","hentry"],"_links":{"self":[{"href":"https:\/\/metricog.com\/index.php?rest_route=\/wp\/v2\/pages\/36","targetHints":{"allow":["GET"]}}],"collection":[{"href":"https:\/\/metricog.com\/index.php?rest_route=\/wp\/v2\/pages"}],"about":[{"href":"https:\/\/metricog.com\/index.php?rest_route=\/wp\/v2\/types\/page"}],"author":[{"embeddable":true,"href":"https:\/\/metricog.com\/index.php?rest_route=\/wp\/v2\/users\/1"}],"replies":[{"embeddable":true,"href":"https:\/\/metricog.com\/index.php?rest_route=%2Fwp%2Fv2%2Fcomments&post=36"}],"version-history":[{"count":69,"href":"https:\/\/metricog.com\/index.php?rest_route=\/wp\/v2\/pages\/36\/revisions"}],"predecessor-version":[{"id":2302,"href":"https:\/\/metricog.com\/index.php?rest_route=\/wp\/v2\/pages\/36\/revisions\/2302"}],"wp:attachment":[{"href":"https:\/\/metricog.com\/index.php?rest_route=%2Fwp%2Fv2%2Fmedia&parent=36"}],"curies":[{"name":"wp","href":"https:\/\/api.w.org\/{rel}","templated":true}]}}